31
What are the prime factors of 170375?
5, 29, 47
What are the prime factors of 67201?
17, 59, 67
List the prime factors of 20484.
2, 3, 569
What are the prime factors of 5773?
23, 251
List the prime factors of 1352.
2, 13
What are the prime factors of 8706?
2, 3, 1451
List the prime factors of 11191.
19, 31
List the prime factors of 19175.
5, 13, 59
List the prime factors of 103778.
2, 19, 2731
List the prime factors of 3901.
47, 83
List the prime factors of 21612.
2, 3, 1801
List the prime factors of 44254.
2, 7, 29, 109
List the prime factors of 1793.
11, 163
What are the prime factors of 32899?
167, 197
List the prime factors of 3933.
3, 19, 23
What are the prime factors of 1790?
2, 5, 179
What are the prime factors of 1795?
5, 359
List the prime factors of 3247.
17, 191
List the prime factors of 136.
2, 17
List the prime factors of 711.
3, 79
What are the prime factors of 63945?
3, 5, 7, 29
What are the prime factors of 331?
331
What are the prime factors of 1969?
11, 179
What are the prime factors of 447?
3, 149
List the prime factors of 302.
2, 151
What are the prime factors of 6131?
6131
List the prime factors of 11288.
2, 17, 83
List the prime factors of 126059.
37, 3407
List the prime factors of 2768.
2, 173
What are the prime factors of 135880?
2, 5, 43, 79
List the prime factors of 24095.
5, 61, 79
What are the prime factors of 43489?
157, 277
List the prime factors of 1091.
1091
What are the prime factors of 2130?
2, 3, 5, 71
What are the prime factors of 852?
2, 3, 71
List the prime factors of 27840.
2, 3, 5, 29
What are the prime factors of 4716?
2, 3, 131
List the prime factors of 316.
2, 79
List the prime factors of 1134.
2, 3, 7
List the prime factors of 13566.
2, 3, 7, 17, 19
List the prime factors of 12020.
2, 5, 601
List the prime factors of 656.
2, 41
List the prime factors of 15238.
2, 19, 401
List the prime factors of 3431.
47, 73
List the prime factors of 2527.
7, 19
List the prime factors of 863.
863
List the prime factors of 1616.
2, 101
What are the prime factors of 25057?
25057
What are the prime factors of 62914?
2, 83, 379
List the prime factors of 21151.
13, 1627
What are the prime factors of 1761?
3, 587
List the prime factors of 388.
2, 97
What are the prime factors of 2264?
2, 283
List the prime factors of 29279.
19, 23, 67
What are the prime factors of 50293?
19, 2647
What are the prime factors of 2681?
7, 383
List the prime factors of 3092.
2, 773
What are the prime factors of 858?
2, 3, 11, 13
List the prime factors of 35673.
3, 11, 23, 47
List the prime factors of 962.
2, 13, 37
What are the prime factors of 602?
2, 7, 43
List the prime factors of 14853.
3, 4951
List the prime factors of 72968.
2, 7, 1303
What are the prime factors of 922?
2, 461
What are the prime factors of 7189?
7, 13, 79
List the prime factors of 1071.
3, 7, 17
List the prime factors of 1662.
2, 3, 277
List the prime factors of 43452.
2, 3, 17, 71
List the prime factors of 13374.
2, 3, 743
List the prime factors of 1346.
2, 673
List the prime factors of 40661.
73, 557
List the prime factors of 10878.
2, 3, 7, 37
What are the prime factors of 88613?
7, 12659
List the prime factors of 32594.
2, 43, 379
List the prime factors of 9808.
2, 613
List the prime factors of 1266.
2, 3, 211
List the prime factors of 97098.
2, 3, 16183
List the prime factors of 21929.
21929
What are the prime factors of 1042?
2, 521
List the prime factors of 3507.
3, 7, 167
List the prime factors of 843.
3, 281
List the prime factors of 505.
5, 101
What are the prime factors of 7140?
2, 3, 5, 7, 17
What are the prime factors of 122?
2, 61
What are the prime factors of 22614?
2, 3, 3769
List the prime factors of 17097.
3, 41, 139
What are the prime factors of 16193?
16193
What are the prime factors of 201?
3, 67
List the prime factors of 1031.
1031
What are the prime factors of 575?
5, 23
What are the prime factors of 35891?
19, 1889
List the prime factors of 102894.
2, 3, 11, 1559
What are the prime factors of 140?
2, 5, 7
List the prime factors of 27381.
3, 9127
List the prime factors of 461.
461
List the prime factors of 5576.
2, 17, 41
What are the prime factors of 478?
2, 239
List the prime factors of 17506.
2, 8753
List the prime factors of 3233.
53, 61
What are the prime factors of 3183?
3, 1061
List the prime factors of 2276.
2, 569
What are the prime factors of 2909?
2909
List the prime factors of 11458.
2, 17, 337
What are the prime factors of 1327?
1327
List the prime factors of 12135.
3, 5, 809
List the prime factors of 1132.
2, 283
List the prime factors of 46220.
2, 5, 2311
What are the prime factors of 2036?
2, 509
List the prime factors of 2455.
5, 491
List the prime factors of 35659.
13, 211
List the prime factors of 370.
2, 5, 37
What are the prime factors of 12130?
2, 5, 1213
List the prime factors of 416.
2, 13
List the prime factors of 453.
3, 151
What are the prime factors of 11224?
2, 23, 61
What are the prime factors of 86570?
2, 5, 11, 787
List the prime factors of 8461.
8461
List the prime factors of 3116.
2, 19, 41
What are the prime factors of 6546?
2, 3, 1091
What are the prime factors of 48132?
2, 3, 7, 191
List the prime factors of 45505.
5, 19, 479
List the prime factors of 32721.
3, 13, 839
What are the prime factors of 5006?
2, 2503
List the prime factors of 580.
2, 5, 29
List the prime factors of 23909.
23909
What are the prime factors of 1303?
1303
List the prime factors of 49755.
3, 5, 31, 107
List the prime factors of 1121.
19, 59
What are the prime factors of 2888?
2, 19
List the prime factors of 10753.
10753
What are the prime factors of 20676?
2, 3, 1723
What are the prime factors of 4560?
2, 3, 5, 19
List the prime factors of 2083.
2083
What are the prime factors of 876?
2, 3, 73
List the prime factors of 54148.
2, 13537
List the prime factors of 13802.
2, 67, 103
What are the prime factors of 1217?
1217
List the prime factors of 8185.
5, 1637
List the prime factors of 1334.
2, 23, 29
What are the prime factors of 1123?
1123
What are the prime factors of 5254?
2, 37, 71
What are the prime factors of 280?
2, 5, 7
What are the prime factors of 557?
557
List the prime factors of 75.
3, 5
List the prime factors of 789.
3, 263
What are the prime factors of 612?
2, 3, 17
What are the prime factors of 24722?
2, 47, 263
What are the prime factors of 13883?
13883
List the prime factors of 1834.
2, 7, 131
What are the prime factors of 22829?
37, 617
What are the prime factors of 2166?
2, 3, 19
List the prime factors of 6800.
2, 5, 17
List the prime factors of 1898.
2, 13, 73
List the prime factors of 2241.
3, 83
List the prime factors of 1733.
1733
What are the prime factors of 275?
5, 11
What are the prime factors of 64396?
2, 17, 947
What are the prime factors of 24575?
5, 983
List the prime factors of 14417.
13, 1109
What are the prime factors of 4636?
2, 19, 61
What are the prime factors of 509?
509
What are the prime factors of 554?
2, 277
List the prime factors of 438.
2, 3, 73
What are the prime factors of 1348?
2, 337
List the prime factors of 3364.
2, 29
What are the prime factors of 140273?
7, 29, 691
What are the prime factors of 2499?
3, 7, 17
What are the prime factors of 5246?
2, 43, 61
What are the prime factors of 150689?
7, 11, 19, 103
List the prime factors of 40789.
7, 5827
List the prime factors of 13173.
3, 4391
List the prime factors of 16660.
2, 5, 7, 17
What are the prime factors of 57282?
2, 3, 9547
List the prime factors of 78434.
2, 39217
List the prime factors of 427.
7, 61
What are the prime factors of 82723?
82723
List the prime factors of 2660.
2, 5, 7, 19
List the prime factors of 482.
2, 241
List the prime factors of 37714.
2, 109, 173
What are the prime factors of 183?
3, 61
List the prime factors of 153220.
2, 5, 47, 163
List the prime factors of 69502.
2, 19, 31, 59
What are the prime factors of 28619?
28619
What are the prime factors of 738?
2, 3, 41
What are the prime factors of 34813?
31, 1123
What are the prime factors of 115839?
3, 61, 211
What are the prime factors of 9734?
2, 31, 157
What are the prime factors of 382?
2, 191
List the prime factors of 78212.
2, 19553
List the prime factors of 51290.
2, 5, 23, 223
List the prime factors of 2267.
2267
List the prime factors of 35517.
3, 